at is 32044 + -14?
32030
In base 9, what is -36 + -837?
-874
In base 9, what is -5 + 308500?
308484
In base 13, what is -5 + 96a6?
96a1
In base 13, what is 1021a - 8?
10212
In base 10, what is 41372 - 4?
41368
In base 15, what is 23 - -2aba7?
2abca
In base 15, what is 2d - -619d?
61cb
In base 15, what is 1 + -4d3?
-4d2
In base 6, what is 110433 - 1444?
104545
In base 15, what is 8 + 7265?
726d
In base 4, what is 1213 + -21031?
-13212
In base 9, what is -131 + 48403?
48262
In base 7, what is 0 + -541366?
-541366
In base 14, what is -26 + 2773c?
27716
In base 9, what is 47 + 361?
418
In base 16, what is -6 - 1a0b9?
-1a0bf
In base 3, what is 101010 + -10211?
20022
In base 10, what is -5123 - 37?
-5160
In base 15, what is 9e + -2e3?
-244
In base 12, what is -5 + -34008?
-34011
In base 11, what is 0 - -a175a0?
a175a0
In base 2, what is 10100010101000001 - -110?
10100010101000111
In base 13, what is 5c + -1b12?
-1a83
In base 9, what is 22 + 7453?
7475
In base 5, what is -31342 - 2322?
-34214
In base 12, what is 54380 - -12?
54392
In base 7, what is -345 + -113?
-461
In base 16, what is -15 - -63e?
629
In base 5, what is 2322 + -321?
2001
In base 14, what is 8 + -ca9?
-ca1
In base 16, what is -6e95de - 0?
-6e95de
In base 14, what is c22b8 + -1?
c22b7
In base 3, what is 1121 + -2110?
-212
In base 8, what is -32354 - -47?
-32305
In base 13, what is 2315 - 8?
230a
In base 3, what is 10202220210 + -12?
10202220121
In base 6, what is 1414 + -100?
1314
In base 2, what is 1101001 + -111000100?
-101011011
In base 3, what is 112112 + -102220?
2122
In base 12, what is -3533 + 53?
-34a0
In base 13, what is 488a + -6?
4884
In base 4, what is 311222 + -10331?
300231
In base 12, what is -1013a5 + -1?
-1013a6
In base 8, what is -122 + -752?
-1074
In base 11, what is 0 + 16818a?
16818a
In base 7, what is 26430 - -5?
26435
In base 5, what is 113110 + -400?
112210
In base 9, what is -5 + 107141?
107135
In base 10, what is 21 + -940?
-919
In base 7, what is 4432314 + -3?
4432311
In base 10, what is -207132 - -4?
-207128
In base 3, what is 1 + 2100012100?
2100012101
In base 13, what is 35c76 - 2?
35c74
In base 6, what is 0 + 115?
115
In base 16, what is 25d7 - c6?
2511
In base 9, what is 13 + -6288?
-6275
In base 12, what is -27900 + -1?
-27901
In base 7, what is -210623 + 4?
-210616
In base 14, what is -14953a + -5?
-149541
In base 13, what is 5982 - -19?
599b
In base 2, what is -1000111100101 - 100000010?
-1001011100111
In base 15, what is eb + a?
106
In base 9, what is -1 + -34803?
-34804
In base 6, what is 10 - -11013114?
11013124
In base 3, what is -222121 + -212?
-1000110
In base 3, what is 1022210210 + 1?
1022210211
In base 6, what is -251251 - -32?
-251215
In base 16, what is 4 - -7421?
7425
In base 10, what is 9328 - 330?
8998
In base 8, what is 3 + 1367?
1372
In base 16, what is -b + -2182?
-218d
In base 16, what is -31c8 + -2?
-31ca
In base 14, what is -94 - 17d5?
-1889
In base 12, what is -38242 - 1?
-38243
In base 9, what is -5145 + -370?
-5525
In base 11, what is -114 - 24a?
-363
In base 6, what is -233013 + 103?
-232510
In base 8, what is -144067 + 0?
-144067
In base 5, what is 12033333 - -4?
12033342
In base 7, what is 216551 - 1?
216550
In base 3, what is 1221120001 + -102?
1221112122
In base 13, what is 6115 + -16?
60cc
In base 10, what is 5 - -18896?
18901
In base 5, what is -1433242442 - 3?
-1433243000
In base 16, what is ad + 13f8?
14a5
In base 10, what is 15 + -41132?
-41117
In base 13, what is -5 + -21686?
-2168b
In base 12, what is 0 + -563a2?
-563a2
In base 14, what is 54b - -3?
550
In base 6, what is 2 + -5142250?
-5142244
In base 13, what is 8251 - 3?
824b
In base 8, what is -1 + 122226?
122225
In base 15, what is -3c85 - -2?
-3c83
In base 16, what is 2048 - -6?
204e
In base 7, what is 4315064 - -4?
4315101
In base 8, what is -542555 + 2?
-542553
In base 16, what is 3 + f50?
f53
In base 14, what is 15 + -2c378?
-2c363
In base 13, what is 4 - -4c54?
4c58
In base 8, what is -14 + -434?
-450
In base 12, what is 0 - -61220?
61220
In base 16, what is 2 + 657d?
657f
In base 15, what is -1 - 3918?
-3919
In base 2, what is 11 - -101010111100100100?
101010111100100111
In base 2, what is -11001100011111001 - -1?
-11001100011111000
In base 15, what is 490 + 64?
504
In base 14, what is 292 + 30b?
59d
In base 3, what is -110220212021 - -2?
-110220212012
In base 16, what is -231 + -3a?
-26b
In base 16, what is 29 - -3529?
3552
In base 14, what is -33c + -19c?
-4da
In base 8, what is -5712 - -2?
-5710
In base 2, what is -101000 - 10100010100?
-10100111100
In base 9, what is -1 + 734?
733
In base 2, what is -11000100001110100 - 101?
-11000100001111001
In base 5, what is 13113 + -1?
13112
In base 8, what is 4 + -67107?
-67103
In base 4, what is -2003 - -20330?
12321
In base 8, what is 35713 + 13?
35726
In base 8, what is -3 + -5743717?
-5743722
In base 14, what is 43d3 - 3?
43d0
In base 16, what is -d54 + -12?
-d66
In base 11, what is -3a + 4294?
4255
In base 6, what is 101001 - 15?
100542
In base 10, what is -1080 + 22?
-1058
In base 12, what is -2069669 + 3?
-2069666
In base 15, what is 5c - -b93b?
b998
In base 6, what is 402201 - 54?
402103
In base 6, what is -224131430 + 0?
-224131430
In base 9, what is 235 + 742?
1077
In base 4, what is -20 - -103230003?
103223323
In base 3, what is -121 + -11022?
-11220
In base 16, what is 5 - -fa73?
fa78
In base 16, what is 4 - -564b4?
564b8
In base 7, what is 516 + -120415?
-116566
In base 14, what is 90 - -c27?
cb7
In base 4, what is -223121100 + 1?
-223121033
In base 11, what is -1 + 1a87?
1a86
In base 14, what is -6 + -232?
-238
In base 3, what is 120 + 110220100?
110220220
In base 14, what is 3b73 + 2a?
3b9d
In base 4, what is -333011033 - -12?
-333011021
In base 11, what is -677345 - 0?
-677345
In base 14, what is bb35 - 0?
bb35
In base 11, what is 507a5 - -1?
507a6
In base 14, what is -12d0 + 17b?
-1153
In base 9, what is 22 + -1661?
-1638
In base 3, what is 11 + -121211002?
-121210221
In base 2, what is -11 + -10011101010100?
-10011101010111
In base 14, what is -c6 - 54?
-13a
In base 13, what is 21 - 2589?
-2568
In base 11, what is -7123 - 5?
-7128
In base 8, what is 11 - 65357?
-65346
In base 3, what is -22102 - -2101?
-20001
In base 6, what is -5 - -14531?
14522
In base 9, what is -18 + -5587?
-5616
In base 13, what is -9116 - 23?
-9139
In base 3, what is -1100110 + 0?
-1100110
In base 4, what is 133 + -12131333?
-12131200
In base 14, what is -19d606 - -2?
-19d604
In base 4, what is 3211 - -220332?
230203
In base 9, what is -7 - -1355?
1347
In base 11, what is -5 - 32116?
-32120
In base 2, what is 1111100 + 1111001001111?
1111011001011
In base 5, what is -12202232 + -10?
-12202242
In base 15, what is -16b8 + -8c?
-1755
In base 5, what is 10141020 + 142?
10141212
In base 10, what is -600 - 1189?
-1789
In base 11, what is 381a84 + -4?
381a80
In base 13, what is -2 - -8c1b?
8c19
In base 12, what is -21088 + -16?
-210a2
In base 7, what is 113230 - -55?
113315
In base 13, what is -1220 - 16a?
-138a
In base 2, what is 1100010111000101100 - -101?
1100010111000110001
In base 13, what is 8 + -3a34?
-3a29
In base 15, what is -d05 - 5d?
-d63
In base 12, what is 3 - -171bb?
17202
In base 7, what is -642 + 3450?
2505
In base 12, what is 169740 - 6?
169736
In base 16, what is -9d659 - 0?
-9d659
In base 2, what is -11000110000 - -101?
-11000101011
In base 16, what is 318 - -1d8?
4f0
In base 6, what is -2 + 145005?
145003
In base 16, what is -3 + -35079?
-3507c
In base 4, what is 0 + -31332213?
-31332213
In base 13, what is 4508 + -31?
44a7
In base 12, what is -378b + -7?
-3796
In base 9, what is 208 - 13034?
-12725
In base 12, what is 7538 - 4?
7534
In base 11, what is -56 + -14835?
-14890
In base 14, what is -3796a - -6?
-37964
In base 11, what is -17837 + -a?
-17846
In base 7, what is 1 - -226200?
226201
In base 9, what is -4442 + 237?
-4204
In base 5, what is 202 - 4244?
-4042
In base 8, what is 0 - -1314053?
1314053
In base 16, what is -17 - -89?
72
In base 8, what is -746 - 1163?
-2131
In base 11, what is -a9 - 1398?
-1496
In base 12, what is ab3 - -13?
b06
In base 3, what is -120 - -2012202100?
2012201210
In base 16, what is -16 - 5ee?
-604
In base 8, what is 120 - 133?
-13
In base 9, what is 434313 - 0?
434313
In